{"id":3426,"date":"2024-05-27T13:07:12","date_gmt":"2024-05-27T11:07:12","guid":{"rendered":"https:\/\/zahnarztpraxis-kabbe.de\/?page_id=3426"},"modified":"2024-05-27T13:11:24","modified_gmt":"2024-05-27T11:11:24","slug":"weisheitszahnentfernung","status":"publish","type":"page","link":"https:\/\/zahnarztpraxis-kabbe.de\/?page_id=3426","title":{"rendered":"Weisheitszahnentfernung"},"content":{"rendered":"\t\t<div data-elementor-type=\"wp-page\" data-elementor-id=\"3426\" class=\"elementor elementor-3426\">\n\t\t\t\t<div class=\"elementor-element elementor-element-2b8d102 e-flex e-con-boxed e-con e-parent\" data-id=\"2b8d102\" data-element_type=\"container\">\n\t\t\t\t\t<div class=\"e-con-inner\">\n\t\t\r\n\t\t<div class=\"elementor-element elementor-element-e01903c elementor-widget elementor-widget-mediaxcta\" data-id=\"e01903c\" data-element_type=\"widget\" data-widget_type=\"mediaxcta.default\">\n\t\t\t\t<div class=\"elementor-widget-container\">\n\t\t\t<div class=\"cta-sec5 mega-hover\" data-bg-src=\"https:\/\/drkabbe.unitedfilms.de\/wp-content\/uploads\/2024\/05\/Weisheitszahnentfernung.jpg\"><h2 class=\"sec-title mb-35 title\">Weisheitszahnentfernung<br><br><br><\/h2><\/div>\t\t<\/div>\n\t\t\t\t<\/div>\n\t\t\t\t<div class=\"elementor-element elementor-element-0fb09e0 elementor-widget elementor-widget-text-editor\" data-id=\"0fb09e0\" data-element_type=\"widget\" data-widget_type=\"text-editor.default\">\n\t\t\t\t<div class=\"elementor-widget-container\">\n\t\t\t<style>\/*! elementor - v3.22.0 - 17-06-2024 *\/\n.elementor-widget-text-editor.elementor-drop-cap-view-stacked .elementor-drop-cap{background-color:#69727d;color:#fff}.elementor-widget-text-editor.elementor-drop-cap-view-framed .elementor-drop-cap{color:#69727d;border:3px solid;background-color:transparent}.elementor-widget-text-editor:not(.elementor-drop-cap-view-default) .elementor-drop-cap{margin-top:8px}.elementor-widget-text-editor:not(.elementor-drop-cap-view-default) .elementor-drop-cap-letter{width:1em;height:1em}.elementor-widget-text-editor .elementor-drop-cap{float:left;text-align:center;line-height:1;font-size:50px}.elementor-widget-text-editor .elementor-drop-cap-letter{display:inline-block}<\/style>\t\t\t\t<div class=\"elementor-element elementor-element-6095d03 elementor-widget elementor-widget-text-editor\" data-id=\"6095d03\" data-element_type=\"widget\" data-widget_type=\"text-editor.default\"><p><strong>Die Weisheitszahnentfernung ist ein zahn\u00e4rztlicher Eingriff, der durchgef\u00fchrt wird, wenn die Weisheitsz\u00e4hne Probleme verursachen oder nicht richtig durchbrechen k\u00f6nnen.<\/strong><\/p><p>Weisheitsz\u00e4hne sind die letzten Backenz\u00e4hne, die normalerweise zwischen dem 17. und 25. Lebensjahr durchbrechen.<\/p><p>\u00a0<\/p><\/div><p><strong>Gr\u00fcnde f\u00fcr eine Weisheitszahnentfernung:<\/strong><\/p><ol><li><p><strong>Verstopfung:<\/strong> Wenn der Weisheitszahn nicht gen\u00fcgend Platz hat, um durchzubrechen, kann er gegen benachbarte Z\u00e4hne gedr\u00fcckt werden und Schmerzen sowie Zahnverschiebungen verursachen.<\/p><\/li><li><p><strong>Zahnfleischentz\u00fcndung:<\/strong> Ein teilweise durchgebrochener Weisheitszahn kann das Zahnfleisch um ihn herum reizen und zu Entz\u00fcndungen f\u00fchren.<\/p><\/li><li><p><strong>Kariesbildung:<\/strong> Weisheitsz\u00e4hne sind oft schwer zu reinigen, was zu Karies und Infektionen f\u00fchren kann.<\/p><\/li><li><p><strong>Zystenbildung:<\/strong> Manchmal k\u00f6nnen Zysten um einen Weisheitszahn herum entstehen, was zu Knochensch\u00e4den f\u00fchren kann.<\/p><\/li><\/ol><p><strong>Der Prozess der Weisheitszahnentfernung:<\/strong><\/p><ol><li><p><strong>Diagnose:<\/strong> Der Zahnarzt f\u00fchrt eine gr\u00fcndliche Untersuchung und R\u00f6ntgenaufnahmen durch, um den Zustand der Weisheitsz\u00e4hne zu beurteilen.<\/p><\/li><li><p><strong>Vorbereitung:<\/strong> Vor dem Eingriff wird eine \u00f6rtliche Bet\u00e4ubung verabreicht, um den Bereich um den Weisheitszahn zu bet\u00e4uben. In einigen F\u00e4llen kann auch eine Sedierung oder Vollnarkose verwendet werden, um den Eingriff angenehmer zu gestalten.<\/p><\/li><li><p><strong>Entfernung:<\/strong> Der Zahnarzt entfernt den Weisheitszahn durch \u00d6ffnen des Zahnfleisches und Entfernen des Knochens, der den Zahn umgibt. Der Zahn wird dann in St\u00fccke geschnitten und entfernt, falls er schwer zug\u00e4nglich ist.<\/p><\/li><li><p><strong>Nachsorge:<\/strong> Nach der Entfernung wird der Bereich gen\u00e4ht und mit einem Verband abgedeckt. Der Zahnarzt gibt Ihnen Anweisungen zur Pflege des betroffenen Bereichs, einschlie\u00dflich der Verwendung von Schmerzmitteln und der Vermeidung bestimmter Lebensmittel und Aktivit\u00e4ten.<\/p><\/li><\/ol><p>\u00a0<\/p>\t\t\t\t\t\t<\/div>\n\t\t\t\t<\/div>\n\t\t\t\t\t<\/div>\n\t\t\t\t<\/div>\n\t\t\t\t<\/div>\n\t\t","protected":false},"excerpt":{"rendered":"<p>Weisheitszahnentfernung Die Weisheitszahnentfernung ist ein zahn\u00e4rztlicher Eingriff, der durchgef\u00fchrt wird, wenn die Weisheitsz\u00e4hne Probleme verursachen oder nicht richtig durchbrechen k\u00f6nnen. Weisheitsz\u00e4hne sind die letzten Backenz\u00e4hne, die normalerweise zwischen dem 17. und 25. Lebensjahr durchbrechen. \u00a0 Gr\u00fcnde f\u00fcr eine Weisheitszahnentfernung: Verstopfung: Wenn der Weisheitszahn nicht gen\u00fcgend Platz hat, um durchzubrechen, kann er gegen benachbarte Z\u00e4hne gedr\u00fcckt&#8230;<\/p>\n","protected":false},"author":1,"featured_media":0,"parent":0,"menu_order":0,"comment_status":"closed","ping_status":"closed","template":"template-builder.php","meta":{"footnotes":""},"class_list":["post-3426","page","type-page","status-publish","hentry"],"_links":{"self":[{"href":"https:\/\/zahnarztpraxis-kabbe.de\/index.php?rest_route=\/wp\/v2\/pages\/3426","targetHints":{"allow":["GET"]}}],"collection":[{"href":"https:\/\/zahnarztpraxis-kabbe.de\/index.php?rest_route=\/wp\/v2\/pages"}],"about":[{"href":"https:\/\/zahnarztpraxis-kabbe.de\/index.php?rest_route=\/wp\/v2\/types\/page"}],"author":[{"embeddable":true,"href":"https:\/\/zahnarztpraxis-kabbe.de\/index.php?rest_route=\/wp\/v2\/users\/1"}],"replies":[{"embeddable":true,"href":"https:\/\/zahnarztpraxis-kabbe.de\/index.php?rest_route=%2Fwp%2Fv2%2Fcomments&post=3426"}],"version-history":[{"count":7,"href":"https:\/\/zahnarztpraxis-kabbe.de\/index.php?rest_route=\/wp\/v2\/pages\/3426\/revisions"}],"predecessor-version":[{"id":3435,"href":"https:\/\/zahnarztpraxis-kabbe.de\/index.php?rest_route=\/wp\/v2\/pages\/3426\/revisions\/3435"}],"wp:attachment":[{"href":"https:\/\/zahnarztpraxis-kabbe.de\/index.php?rest_route=%2Fwp%2Fv2%2Fmedia&parent=3426"}],"curies":[{"name":"wp","href":"https:\/\/api.w.org\/{rel}","templated":true}]}}