{"id":3477,"date":"2024-05-27T13:46:06","date_gmt":"2024-05-27T11:46:06","guid":{"rendered":"https:\/\/zahnarztpraxis-kabbe.de\/?page_id=3477"},"modified":"2024-06-12T09:19:16","modified_gmt":"2024-06-12T07:19:16","slug":"bleaching","status":"publish","type":"page","link":"https:\/\/zahnarztpraxis-kabbe.de\/?page_id=3477","title":{"rendered":"Bleaching"},"content":{"rendered":"\t\t<div data-elementor-type=\"wp-page\" data-elementor-id=\"3477\" class=\"elementor elementor-3477\">\n\t\t\t\t<div class=\"elementor-element elementor-element-2b8d102 e-flex e-con-boxed e-con e-parent\" data-id=\"2b8d102\" data-element_type=\"container\">\n\t\t\t\t\t<div class=\"e-con-inner\">\n\t\t\r\n\t\t<div class=\"elementor-element elementor-element-e01903c elementor-widget elementor-widget-mediaxcta\" data-id=\"e01903c\" data-element_type=\"widget\" data-widget_type=\"mediaxcta.default\">\n\t\t\t\t<div class=\"elementor-widget-container\">\n\t\t\t<div class=\"cta-sec5 mega-hover\" data-bg-src=\"https:\/\/drkabbe.unitedfilms.de\/wp-content\/uploads\/2024\/06\/woman-whitening-teeth-dentistry-with-special-equipment-1.jpg\"><h2 class=\"sec-title mb-35 title\"><br><br><br><\/h2><\/div>\t\t<\/div>\n\t\t\t\t<\/div>\n\t\t\t\t<div class=\"elementor-element elementor-element-0fb09e0 elementor-widget elementor-widget-text-editor\" data-id=\"0fb09e0\" data-element_type=\"widget\" data-widget_type=\"text-editor.default\">\n\t\t\t\t<div class=\"elementor-widget-container\">\n\t\t\t<style>\/*! elementor - v3.22.0 - 17-06-2024 *\/\n.elementor-widget-text-editor.elementor-drop-cap-view-stacked .elementor-drop-cap{background-color:#69727d;color:#fff}.elementor-widget-text-editor.elementor-drop-cap-view-framed .elementor-drop-cap{color:#69727d;border:3px solid;background-color:transparent}.elementor-widget-text-editor:not(.elementor-drop-cap-view-default) .elementor-drop-cap{margin-top:8px}.elementor-widget-text-editor:not(.elementor-drop-cap-view-default) .elementor-drop-cap-letter{width:1em;height:1em}.elementor-widget-text-editor .elementor-drop-cap{float:left;text-align:center;line-height:1;font-size:50px}.elementor-widget-text-editor .elementor-drop-cap-letter{display:inline-block}<\/style>\t\t\t\t<div class=\"elementor-element elementor-element-6095d03 elementor-widget elementor-widget-text-editor\" data-id=\"6095d03\" data-element_type=\"widget\" data-widget_type=\"text-editor.default\"><p><strong>Bleaching: Strahlendes L\u00e4cheln durch professionelle Zahnaufhellung<\/strong><\/p><p>Bleaching ist eine zahnmedizinische Behandlung zur Aufhellung der Z\u00e4hne und zur Beseitigung von Verf\u00e4rbungen. Es gibt zwei Hauptmethoden f\u00fcr das Bleaching: In-Office-Bleaching, das in der Zahnarztpraxis durchgef\u00fchrt wird, und Homebleaching, das der Patient zu Hause selbst durchf\u00fchrt.<\/p><p><strong>In-Office-Bleaching:<\/strong><\/p><ul><li><strong>Verfahren:<\/strong> Das In-Office-Bleaching wird in der Zahnarztpraxis durchgef\u00fchrt und ist die schnellste Methode zur Zahnaufhellung.<\/li><li><strong>Ablauf:<\/strong> Der Zahnarzt tr\u00e4gt ein Bleichmittel auf die Z\u00e4hne auf und verwendet in der Regel eine spezielle Licht- oder Laserbehandlung, um den Bleichprozess zu beschleunigen.<\/li><li><strong>Vorteile:<\/strong> Sofortige Ergebnisse, professionelle \u00dcberwachung durch den Zahnarzt, effektive Entfernung von hartn\u00e4ckigen Verf\u00e4rbungen.<\/li><\/ul><p><strong>Homebleaching:<\/strong><\/p><ul><li><strong>Verfahren:<\/strong> Beim Homebleaching erh\u00e4lt der Patient individuell angefertigte Schienen und ein Bleichmittel, das zu Hause angewendet wird.<\/li><li><strong>Ablauf:<\/strong> Der Patient tr\u00e4gt das Bleichmittel in die Schienen ein und tr\u00e4gt diese f\u00fcr eine bestimmte Zeit, je nach Anweisung des Zahnarztes.<\/li><li><strong>Vorteile:<\/strong> Komfortable Anwendung zu Hause, kontrollierte Aufhellung \u00fcber einen l\u00e4ngeren Zeitraum, weniger Kosten im Vergleich zum In-Office-Bleaching.<\/li><\/ul><p><strong>Vorteile des Bleachings:<\/strong><\/p><ul><li><strong>\u00c4sthetik:<\/strong> Aufhellung und Beseitigung von Verf\u00e4rbungen, die durch Alterung, Genussmittel wie Kaffee oder Tee, oder andere Faktoren verursacht werden.<\/li><li><strong>Selbstbewusstsein:<\/strong> Ein strahlendes L\u00e4cheln kann das Selbstbewusstsein steigern und das allgemeine Wohlbefinden f\u00f6rdern.<\/li><\/ul><p>\u00a0<\/p><\/div>\t\t\t\t\t\t<\/div>\n\t\t\t\t<\/div>\n\t\t\t\t\t<\/div>\n\t\t\t\t<\/div>\n\t\t\t\t<\/div>\n\t\t","protected":false},"excerpt":{"rendered":"<p>Bleaching: Strahlendes L\u00e4cheln durch professionelle Zahnaufhellung Bleaching ist eine zahnmedizinische Behandlung zur Aufhellung der Z\u00e4hne und zur Beseitigung von Verf\u00e4rbungen. Es gibt zwei Hauptmethoden f\u00fcr das Bleaching: In-Office-Bleaching, das in der Zahnarztpraxis durchgef\u00fchrt wird, und Homebleaching, das der Patient zu Hause selbst durchf\u00fchrt. In-Office-Bleaching: Verfahren: Das In-Office-Bleaching wird in der Zahnarztpraxis durchgef\u00fchrt und ist die&#8230;<\/p>\n","protected":false},"author":1,"featured_media":0,"parent":0,"menu_order":0,"comment_status":"closed","ping_status":"closed","template":"template-builder.php","meta":{"footnotes":""},"class_list":["post-3477","page","type-page","status-publish","hentry"],"_links":{"self":[{"href":"https:\/\/zahnarztpraxis-kabbe.de\/index.php?rest_route=\/wp\/v2\/pages\/3477","targetHints":{"allow":["GET"]}}],"collection":[{"href":"https:\/\/zahnarztpraxis-kabbe.de\/index.php?rest_route=\/wp\/v2\/pages"}],"about":[{"href":"https:\/\/zahnarztpraxis-kabbe.de\/index.php?rest_route=\/wp\/v2\/types\/page"}],"author":[{"embeddable":true,"href":"https:\/\/zahnarztpraxis-kabbe.de\/index.php?rest_route=\/wp\/v2\/users\/1"}],"replies":[{"embeddable":true,"href":"https:\/\/zahnarztpraxis-kabbe.de\/index.php?rest_route=%2Fwp%2Fv2%2Fcomments&post=3477"}],"version-history":[{"count":13,"href":"https:\/\/zahnarztpraxis-kabbe.de\/index.php?rest_route=\/wp\/v2\/pages\/3477\/revisions"}],"predecessor-version":[{"id":3642,"href":"https:\/\/zahnarztpraxis-kabbe.de\/index.php?rest_route=\/wp\/v2\/pages\/3477\/revisions\/3642"}],"wp:attachment":[{"href":"https:\/\/zahnarztpraxis-kabbe.de\/index.php?rest_route=%2Fwp%2Fv2%2Fmedia&parent=3477"}],"curies":[{"name":"wp","href":"https:\/\/api.w.org\/{rel}","templated":true}]}}